e the remainder when y(r) is divided by 16.
14
Suppose f - 292 = -3*f. Let n = 318 - f. Suppose 4*q = 5*y + q - n, -3*q = -y + 37. What is the remainder when y is divided by 18?
16
Let q = 8 - 5. Suppose 0 = -q*r + 6 + 9. Suppose 2*s + 111 = 5*t, 2*s - 5*s - 63 = -3*t. What is the remainder when t is divided by r?
3
Calculate the remainder when 184 is divided by (2821/(-14))/13*-2.
29
Suppose 6*j - 14*j = -6*j. Let k = 868 - 424. Suppose j = -b - 5*m + 72, 0 = 3*b - 4*m + 133 - k. What is the remainder when b is divided by 25?
22
Suppose -99*q - 9150 = -129*q. What is the remainder when q is divided by 40?
25
Let p = 462 + -392. Calculate the remainder when 208 is divided by p.
68
Suppose -5*z - 5*x = -0*x - 450, x - 184 = -2*z. What is the remainder when z is divided by 25?
19
Calculate the remainder when 9*2*(-45)/(-18) is divided by 11.
1
What is the remainder when 40/(7 - -1) + 7*5 is divided by 14?
12
Suppose 608 = 5*a - 3*t, -t + 362 = 817*a - 814*a. Let w(j) = j**2 + 5*j - 5. Let r = 7 + -3. Calculate the remainder when a is divided by w(r).
28
Suppose -13*z + 103 = p - 9*z, -p + 5*z + 121 = 0. What is the remainder when p is divided by 56?
55
Let q(u) = u - 16. Let a(p) = -2*p + 24. Let k(o) = -5*a(o) - 8*q(o). Calculate the remainder when 37 is divided by k(0).
5
Suppose -8*l + 180 = -2*l. What is the remainder when l is divided by 728/78 + 8/(-6)?
6
Suppose 82 + 1118 = 24*y. Calculate the remainder when 299 is divided by y.
49
Calculate the remainder when (-6 + 5)/((-13)/2561) is divided by 11.
10
Let r(k) = k**3 - 7*k**2 - 5*k + 7. Let v be r(6). Let g = 73 + v. Calculate the remainder when 55 is divided by g.
13
Suppose 0*i = 2*i - 136. Let k = 123 - i. What is the remainder when k is divided by (-291)/(-15) - 2/5?
17
Let s(v) = 6*v**2 - 12*v + 18. Let x(k) = 7*k**2 - 13*k + 18. Let z(p) = 5*s(p) - 4*x(p). Calculate the remainder when 52 is divided by z(4).
16
Suppose 9*r = 13*r + 4. What is the remainder when 8 is divided by 5 - -3*(-2 - r)?
0
Suppose 64*p = 32*p + 1728. Calculate the remainder when 107 is divided by p.
53
Suppose -10*a - 630 = -150. Let c = 14 - a. What is the remainder when c is divided by 22?
18
Calculate the remainder when 166 is divided by (-10*8/32)/(1/(-14)).
26
Suppose -53 + 17 = -3*r. Suppose -2*a = -s - r, 0*a + 4*a + 2*s = 16. Let v(u) = u**2. Calculate the remainder when v(3) is divided by a.
4
Suppose -3*y + 3 + 0 = 0. Let o(w) = 4*w**2 - 2*w + 1. What is the remainder when 4*y/(3/27) is divided by o(2)?
10
What is the remainder when 33 is divided by 68/16 - (-2)/(-8)?
1
Suppose 0 = a + q - 52, 0 = 2*a + 2*a + 3*q - 206. What is the remainder when 2*a + 15/5 is divided by 21?
19
Suppose -u + 0 = -1. Suppose 11*l + 6*l + 102 = 0. What is the remainder when (21 + u)*l/(-4) is divided by 9?
6
Suppose -5*l - 168 = -13*l. What is the remainder when 6 - 7 - (-1 - 61) is divided by l?
19
Let n(f) = -f**2 + 49*f - 362. Calculate the remainder when 177 is divided by n(11).
9
Suppose 3*c = 4*c - 3*k - 14, -c + 49 = 4*k. What is the remainder when 295 is divided by c?
5
Let w(a) = -a**3 - 6*a**2 - 4*a + 3. Calculate the remainder when 72 is divided by w(-1).
0
Suppose -24 = -6*b + 3*b. Let m = 44 - b. Calculate the remainder when 69 is divided by m.
33
Let r(q) = -6*q + 7*q + 1 + 0*q. Calculate the remainder when 59 is divided by r(11).
11
Suppose -9*d + 10*d - 2*o - 134 = 0, -5*d + 5*o = -650. What is the remainder when d is divided by 27?
18
Suppose x + 41 = 4*x + q, -2*x + 2*q = -22. Let n = -4502 + 4526. Calculate the remainder when n is divided by x.
11
Suppose 3 = -3*p - 57. Calculate the remainder when 128 is divided by ((-9)/(-6))/((-3)/p).
8
Let i = -2 + 12. Let o(c) = c**3 - 11*c**2 + 14*c + 9. Calculate the remainder when o(i) is divided by (-2 - (-363)/24) + (-7)/56.
10
Let w(f) be the third derivative of f**6/120 - f**5/30 - 3*f**4/8 + 3*f**3/2 + 22*f**2. Calculate the remainder when w(6) is divided by 34.
31
Suppose 0 = -22*y + 33*y - 1628. Calculate the remainder when y is divided by 77.
71
Suppose 2*j = v + 7, -4*j + 23 = 3*v - 2*v. Let b(d) be the third derivative of 3*d**4/8 - d**3/6 + 2*d**2. What is the remainder when b(j) is divided by 23?
21
Suppose 0 = -2*w - 3*f + 578, -4*w + 3*f + 277 + 915 = 0. What is the remainder when w is divided by 10?
5
Let h = 57 + -55. Suppose a + 4*z + 0*z = -23, a - 5*z = 22. What is the remainder when h*(a - -35) - 1 is divided by 16?
15
Suppose -1075 = -d - 4*d. Suppose 0 = 5*b - g - d, 2*b + b - 129 = -4*g. Suppose -5*a + 32 = -b. What is the remainder when 59 is divided by a?
14
What is the remainder when 389 is divided by 10/4*(-1768)/(-260)?
15
Suppose -44 = 3*p - 50. What is the remainder when 30 is divided by (-3)/p*(-256)/48?
6
Suppose 6 = -3*n, -38 = -4*r - r - n. What is the remainder when 103 is divided by r?
7
Suppose -30 = 4*y - 5*m, -2*y + 4*m + 0*m = 18. Let s(p) be the first derivative of -2*p**2 + 2*p + 10. Calculate the remainder when s(y) is divided by 8.
6
Let t = -22 - -25. Suppose 4 = -2*p, -t*p = -4*u + u + 66. Calculate the remainder when u is divided by 7.
6
Suppose -8*q - 668 = -2196. Calculate the remainder when q is divided by 26.
9
Suppose 69 + 1 = 5*o + 4*u, -5*o + 60 = 2*u. Let p(k) = -k**2 + 19*k - 11. What is the remainder when p(15) is divided by o?
9
Suppose 0 = -11*b - 14*b + 1225. Suppose -2*t = 3*d - 4*t - 33, -27 = -2*d + 3*t. Calculate the remainder when b is divided by d.
4
Let n(y) = 3*y**2 + 5*y + 19. Calculate the remainder when n(-5) is divided by 30.
9
Let y(k) = -k**2 + 11*k + 8. Suppose 11 = 8*u - 21. What is the remainder when y(11) is divided by u?
0
Let i(w) = w**2 + 2*w - 12. Let a be i(-7). Suppose 263 = 6*o + a. What is the remainder when o is divided by (-4)/(-2)*(-11)/(-2)?
7
Let c(i) = -i**3 + 17*i**2 + 2*i + 36. What is the remainder when c(9) is divided by 64?
62
Suppose 0 = -3*m + 3*q, -m - 4*q + q + 8 = 0. Suppose 0 = -5*h + m*h + 15, -5*j - 3*h = -45. Calculate the remainder when 23 is divided by j.
5
Let w be (3/5)/(15/75). Suppose t + 3*j - 118 = 0, -t + w*j = -0*t - 88. What is the remainder when t is divided by 21?
19
Let t(a) = a**2 + 3*a - 3. Let n(f) = f**3 - 4*f**2 - 11*f - 10. Let x be n(6). Calculate the remainder when 1 is divided by t(x).
0
Let w = -1177 + 1192. What is the remainder when 429 is divided by w?
9
Let o(p) = 5*p + 2. Suppose 2 = -v + 10. Suppose -v = 8*z - 256. Calculate the remainder when z is divided by o(3).
14
Let w = -44 + 73. Suppose 4*g - 7*g - c - 35 = 0, -2*g - w = -5*c. What is the remainder when 17 is divided by (g/(-7))/((-16)/(-56))?
5
Let p(w) = 4*w**2 - w - 3. Let v(f) = 22*f + 9. Let m be v(7). Suppose -18 + m = 5*g. Calculate the remainder when g is divided by p(-2).
14
Let u = -11 + 13. Let g = 44 + u. Suppose r - 27 = -3. What is the remainder when g is divided by r?
22
Let v(l) = -l**3 - 11*l**2 - 2*l - 13. Let f be 66/(-4)*(-14)/(-21). Let j = 13 + 11. What is the remainder when j is divided by v(f)?
6
Suppose -4*r + 0*p + 250 = -2*p, 5*r + 3*p - 285 = 0. Calculate the remainder when r is divided by 7.
4
Let c = 3182 - 3151. Suppose 8 = -2*p + 3*p. What is the remainder when c is divided by p?
7
Let f(n) = -66*n - 54. What is the remainder when 79 is divided by f(-1)?
7
Let h = -2381 - -2462. Calculate the remainder when h is divided by 15.
6
Calculate the remainder when (-2 + -2)*2*-5 is divided by 23.
17
Let c be 8*8*(-4)/(-4). Calculate the remainder when 38 is divided by (32/10)/2*800/c.
18
Let v(t) = -t**3 + 3*t**2 + 3*t + 7. Let g be v(4). Suppose -g*n = 4*n - 623. Calculate the remainder when n is divided by 15.
14
Let n be -3 - (2 - 1) - -142. Suppose 8*t = 62 + n. What is the remainder when 45 is divided by t?
20
Let b(g) = g + 10. Let r be b(-6). Suppose r*q + 0*q - u - 352 = 0, 4*q - 340 = 4*u. What is the remainder when q is divided by 23?
20
Suppose 5*r - 25 = -5*y, -2*y + 4*y - 10 = 4*r. Suppose -2*k = -r - 20. Suppose h + k = 2*h. What is the remainder when 39 is divided by h?
9
Let m(g) = -2*g**2 - 13*g - 5. Let c be ((-12)/(-5))/((-6)/15). Calculate the remainder when 3 is divided by m(c).
0
Let d(g) = -4*g**2 - 4*g + 7*g**2 - 1 + 8*g - 2*g. Calculate the remainder when 17 is divided by d(1).
1
Suppose 3 = 3*a, -r = -2*r + 2*a - 2